{"id":10,"date":"2016-04-20T15:54:19","date_gmt":"2016-04-20T13:54:19","guid":{"rendered":"http:\/\/kspan.pan.pl\/?page_id=10"},"modified":"2024-05-31T11:53:45","modified_gmt":"2024-05-31T09:53:45","slug":"prezydium","status":"publish","type":"page","link":"https:\/\/oldkspan.pan.pl\/?page_id=10","title":{"rendered":"Prezydium"},"content":{"rendered":"<p>Prezydium Komitetu Socjologii PAN w kadencji 2024-2027 ukonstytuowane na posiedzeniu w dniu 25 kwietnia 2024 roku<\/p>\n<p>\u00a0<\/p>\n<p><strong>Przewodnicz\u0105ca:<\/strong><\/p>\n<p>dr hab. Dorota Rancew-Sikora, prof. UG, <em>Uniwersytet Gda\u0144ski<\/em><\/p>\n<p>\u00a0<\/p>\n<p><strong>Zast\u0119pczynie Przewodnicz\u0105cej:<\/strong><\/p>\n<div class=\"elementToProof\">dr hab. Honorata Jakubowska prof. UAM, <em>Uniwersytet im. Adama Mickiewicza w Poznaniu<\/em><\/div>\n<div>\u00a0<\/div>\n<div class=\"elementToProof\">prof. dr hab. Anna \u015aliz, <em>Szko\u0142a G\u0142\u00f3wna Gospodarstwa Wiejskiego w Warszawie<\/em><\/div>\n<p>\u00a0<\/p>\n<p><strong>Cz\u0142onkowie Prezydium:<\/strong><\/p>\n<div class=\"elementToProof\">prof. dr hab. Gra\u017cyna Kubica-Heller, <em>Uniwersytet Jagiello\u0144ski<\/em><\/div>\n<div>\u00a0<\/div>\n<div class=\"elementToProof\"><a id=\"OWA8f6744a2-87b4-f9b2-76dc-fe0f41467d9a\" class=\"OWAAutoLink mailto-link\" href=\"mailto:grazyna.kubica-heller@uj.edu.pl\" target=\"_blank\" rel=\"noopener\" data-loopstyle=\"linkonly\"><\/a>prof. dr hab. Piotr Tadeusz Kwiatkowski, <em>Uniwersytet SWPS<\/em>\u00a0<\/div>\n<div>\u00a0<\/div>\n<div class=\"elementToProof\">dr hab. Ma\u0142gorzata Sikorska, prof. UW<a id=\"OWA1b46afc7-d600-fe17-53e6-5051e30855f1\" class=\"OWAAutoLink mailto-link\" href=\"mailto:me.sikorska@uw.edu.pl\" target=\"_blank\" rel=\"noopener\" data-loopstyle=\"linkonly\"><\/a>, <em>Uniwersytet Warszawski<\/em><\/div>\n\n\n<h2><\/h2>\n","protected":false},"excerpt":{"rendered":"<p>Prezydium Komitetu Socjologii PAN w kadencji 2024-2027 ukonstytuowane na posiedzeniu w dniu 25 kwietnia 2024 roku \u00a0 Przewodnicz\u0105ca: dr hab. Dorota Rancew-Sikora, prof. UG, Uniwersytet Gda\u0144ski \u00a0 Zast\u0119pczynie Przewodnicz\u0105cej: dr hab. Honorata Jakubowska prof. UAM, Uniwersytet im. Adama Mickiewicza w Poznaniu \u00a0 prof. dr hab. Anna \u015aliz, Szko\u0142a G\u0142\u00f3wna Gospodarstwa Wiejskiego w Warszawie \u00a0 Cz\u0142onkowie [&hellip;]<\/p>\n","protected":false},"author":1,"featured_media":0,"parent":4,"menu_order":3,"comment_status":"closed","ping_status":"closed","template":"","meta":{"_links_to":"","_links_to_target":""},"_links":{"self":[{"href":"https:\/\/oldkspan.pan.pl\/index.php?rest_route=\/wp\/v2\/pages\/10"}],"collection":[{"href":"https:\/\/oldkspan.pan.pl\/index.php?rest_route=\/wp\/v2\/pages"}],"about":[{"href":"https:\/\/oldkspan.pan.pl\/index.php?rest_route=\/wp\/v2\/types\/page"}],"author":[{"embeddable":true,"href":"https:\/\/oldkspan.pan.pl\/index.php?rest_route=\/wp\/v2\/users\/1"}],"replies":[{"embeddable":true,"href":"https:\/\/oldkspan.pan.pl\/index.php?rest_route=%2Fwp%2Fv2%2Fcomments&post=10"}],"version-history":[{"count":14,"href":"https:\/\/oldkspan.pan.pl\/index.php?rest_route=\/wp\/v2\/pages\/10\/revisions"}],"predecessor-version":[{"id":712,"href":"https:\/\/oldkspan.pan.pl\/index.php?rest_route=\/wp\/v2\/pages\/10\/revisions\/712"}],"up":[{"embeddable":true,"href":"https:\/\/oldkspan.pan.pl\/index.php?rest_route=\/wp\/v2\/pages\/4"}],"wp:attachment":[{"href":"https:\/\/oldkspan.pan.pl\/index.php?rest_route=%2Fwp%2Fv2%2Fmedia&parent=10"}],"curies":[{"name":"wp","href":"https:\/\/api.w.org\/{rel}","templated":true}]}}