{"id":16,"date":"2016-04-20T15:56:22","date_gmt":"2016-04-20T13:56:22","guid":{"rendered":"http:\/\/kspan.pan.pl\/?page_id=16"},"modified":"2022-10-13T19:53:14","modified_gmt":"2022-10-13T17:53:14","slug":"konferencje","status":"publish","type":"page","link":"https:\/\/oldkspan.pan.pl\/?page_id=16","title":{"rendered":"Konferencje"},"content":{"rendered":"<p><strong>KONFERENCJE 2022<\/strong><\/p>\n<p style=\"font-weight: 400;\">Zapraszamy do udzia\u0142u w og\u00f3lnopolskiej konferencji naukowej pod patronatem Polskiego Towarzystwa Socjologicznego <span style=\"color: #ff6600;\"><strong>\u201eSPO\u0141ECZNE DO\u015aWIADCZENIE PANDEMII W PERSPEKTYWIE BADA\u0143 JAKO\u015aCIOWYCH\u201d<\/strong><\/span>.<\/p>\n<p style=\"font-weight: 400;\">Miejsce: Pa\u0142ac Staszica, Nowy \u015awiat 72, Warszawa, Sala pod Kopu\u0142\u0105, III pi\u0119tro (winda),<\/p>\n<p style=\"font-weight: 400;\">Data: 14.10.2022 r., godz. 9:45-17:15.<\/p>\n<p><a href=\"http:\/\/kspan.pan.pl\/wp-content\/uploads\/2022\/10\/Konferencja_zaproszenie-pazdziernik.pdf\">Konferencja_zaproszenie pazdziernik<\/a> <a href=\"http:\/\/kspan.pan.pl\/wp-content\/uploads\/2022\/10\/PROGRAM-KONFERENCJI.pdf\">PROGRAM-KONFERENCJI<\/a><\/p>\n<p><strong>Komitet Socjologii PAN zaprasza na dyskusj\u0119 panelow\u0105: <em><span style=\"color: #ff6600;\">Czy pokolenia zmieniaj\u0105 polsk\u0105 socjologi\u0119? <a href=\"http:\/\/kspan.pan.pl\/wp-content\/uploads\/2022\/09\/zaproszenie-na-posiedzenie-KS-PAN-panel-podczas-Zjazdu-Socjologicznego-2.pdf\">zaproszenie<\/a><\/span><\/em><\/strong><\/p>\n<p>Wydarzenie odbywa si\u0119 w ramach XVIII Og\u00f3lnopolskiego Zajazdu Socjologicznego w Warszawie<br \/>\nMiejsce: Szko\u0142a G\u0142\u00f3wna Gospodarstwa Wiejskiego<br \/>\nCzytelnia Biblioteki G\u0142\u00f3wnej im. W\u0142adys\u0142awa Grabskiego, budynek 48<br \/>\nData: 15.09.2022 (czwartek) godz. 14.00-15.30<\/p>\n<p><strong>KONFERENCJE 2018<\/strong><\/p>\n<p><b>Organizatorzy: <\/b><b>Instytut Socjologii Uniwersytetu Jagiello\u0144skiego i Komitet Socjologii PAN<\/b><\/p>\n<p>Og\u00f3lnopolska Konferencja Naukowa:<\/p>\n<p><strong>\u201eKobiece utopie w dzia\u0142aniu. 100 lat praw wyborczych kobiet (28.XI.1918-28.XI.2018)\u201d<\/strong><\/p>\n<p><strong>Krak\u00f3w, dn. 21.09.2018 \u2013 22.09.2018<\/strong><\/p>\n<p><img loading=\"lazy\" class=\"alignnone size-medium wp-image-288\" src=\"http:\/\/kspan.pan.pl\/wp-content\/uploads\/2016\/04\/Kobiece-utopie_promocja-300x200.jpg\" alt=\"Kobiece utopie_promocja\" width=\"300\" height=\"200\" srcset=\"https:\/\/oldkspan.pan.pl\/wp-content\/uploads\/2016\/04\/Kobiece-utopie_promocja-300x200.jpg 300w, https:\/\/oldkspan.pan.pl\/wp-content\/uploads\/2016\/04\/Kobiece-utopie_promocja-768x512.jpg 768w, https:\/\/oldkspan.pan.pl\/wp-content\/uploads\/2016\/04\/Kobiece-utopie_promocja-1024x683.jpg 1024w\" sizes=\"(max-width: 300px) 100vw, 300px\" \/> \u00a0 \u00a0<img loading=\"lazy\" class=\"alignnone size-medium wp-image-289\" src=\"http:\/\/kspan.pan.pl\/wp-content\/uploads\/2016\/04\/Kobiece-utopie_paneli\u015bci-300x200.jpg\" alt=\"Kobiece utopie_paneli\u015bci\" width=\"300\" height=\"200\" srcset=\"https:\/\/oldkspan.pan.pl\/wp-content\/uploads\/2016\/04\/Kobiece-utopie_paneli\u015bci-300x200.jpg 300w, https:\/\/oldkspan.pan.pl\/wp-content\/uploads\/2016\/04\/Kobiece-utopie_paneli\u015bci-768x512.jpg 768w, https:\/\/oldkspan.pan.pl\/wp-content\/uploads\/2016\/04\/Kobiece-utopie_paneli\u015bci-1024x683.jpg 1024w\" sizes=\"(max-width: 300px) 100vw, 300px\" \/><\/p>\n<p>Konferencja zainspirowana zosta\u0142a setn\u0105 rocznic\u0105 wywalczenia przez kobiety praw wyborczych. Celem konferencji by\u0142a m.in. refleksja nad miejscem i rol\u0105 kobiet w spo\u0142ecze\u0144stwie, ich aspiracjami i d\u0105\u017ceniami. Sta\u0142a si\u0119 okazj\u0105 do socjologicznego namys\u0142u nad zjawiskami i procesami r\u00f3wno\u015bciowymi tocz\u0105cymi si\u0119 na przestrzeni wieku.<\/p>\n<p>Specjaln\u0105 uwag\u0119 po\u015bwi\u0119cono potransformacyjnym procesom i zjawiskom maj\u0105cym wp\u0142yw na podmiotowo\u015b\u0107 kobiet, ich sprawczo\u015b\u0107 oraz dzia\u0142ania na r\u00f3\u017cnych poziomach struktury spo\u0142ecznego \u015bwiata. Przygl\u0105dano si\u0119 oporowi kobiet wobec nier\u00f3wno\u015bci, kt\u00f3ry ze zmienn\u0105 dynamik\u0105 manifestuje si\u0119 w r\u00f3\u017cnych sferach \u017cycia. Organizator\u00f3w interesowa\u0142o m.in. to, jak w Polsce, Europie i poza ni\u0105, kszta\u0142tuj\u0105 si\u0119 sposoby my\u015blenia i dzia\u0142ania na rzecz grup marginalizowanych. Debaty osadzone zosta\u0142y w perspektywie diachronicznej i intersekcjonalnej, uwzgl\u0119dniaj\u0105c wymiar ekonomiczny, polityczny, kulturowy, religijny.<\/p>\n<p>Konferencja s\u0142u\u017cy\u0142a przenikaniu wiedzy socjologicznej na temat praw i wolno\u015bci obywatelskich do jak najwi\u0119kszej rzeszy odbiorc\u00f3w; mia\u0142a przyczyni\u0107 si\u0119 do odkrywania, na\u015bwietlania i upowszechniania wiedzy na temat partycypacji kobiet w budowaniu demokratycznego spo\u0142ecze\u0144stwa.<\/p>\n<p><a href=\"http:\/\/kspan.pan.pl\/wp-content\/uploads\/2016\/04\/Kobiece-utopie-w-dzia\u0142aniu-ksi\u0105\u017cka-abstrakt\u00f3w.pdf\">Kobiece utopie w dzia\u0142aniu &#8211; ksi\u0105\u017cka abstrakt\u00f3w<\/a><\/p>\n<p><a href=\"http:\/\/kspan.pan.pl\/wp-content\/uploads\/2016\/04\/Program-Ramowy-Konferencji.pdf\">Program Ramowy Konferencji<\/a><\/p>\n<p><strong>KONFERENCJE 2017<\/strong><\/p>\n<p><strong>Organizatorzy: Instytut Socjologii Uniwersytetu Zielonog\u00f3rskiego i Komitet Socjologii PAN<\/strong><\/p>\n<p>X Og\u00f3lnopolska Konferencja Naukowa:<\/p>\n<p><strong>Transgraniczno\u015b\u0107 w perspektywie socjologicznej. <\/strong><strong>Europa \u2013 Podzielona wsp\u00f3lnota?<\/strong><\/p>\n<p><strong>OW Le\u015bnik, \u0141ag\u00f3w &#8211; Zielona G\u00f3ra, 20 &#8211; 22 wrze\u015bnia 2017<\/strong><\/p>\n<p><img loading=\"lazy\" class=\"alignnone size-medium wp-image-140\" src=\"http:\/\/kspan.pan.pl\/wp-content\/uploads\/2017\/07\/07_Plakat_Konferencja-2017_210x297mm-1-212x300.png\" alt=\"07_Plakat_Konferencja 2017_210x297mm\" width=\"212\" height=\"300\" srcset=\"https:\/\/oldkspan.pan.pl\/wp-content\/uploads\/2017\/07\/07_Plakat_Konferencja-2017_210x297mm-1-212x300.png 212w, https:\/\/oldkspan.pan.pl\/wp-content\/uploads\/2017\/07\/07_Plakat_Konferencja-2017_210x297mm-1-768x1086.png 768w, https:\/\/oldkspan.pan.pl\/wp-content\/uploads\/2017\/07\/07_Plakat_Konferencja-2017_210x297mm-1-724x1024.png 724w\" sizes=\"(max-width: 212px) 100vw, 212px\" \/><\/p>\n<p><strong>Informacje nt. Konferencji: <\/strong><\/p>\n<p>http:\/\/kspan.pan.pl\/wp-content\/uploads\/2017\/07\/Program-Konferencji_\u0141ag\u00f3w-20-22-wrze\u015bnia-2017.pdf<\/p>\n<p><a href=\"http:\/\/kspan.pan.pl\/wp-content\/uploads\/2017\/07\/Program-Konferencji_\u0141ag\u00f3w-20-22-wrze\u015bnia-2017.pdf\">Program Konferencji_\u0141ag\u00f3w 20 &#8211; 22 wrze\u015bnia 2017<\/a><\/p>\n<p><strong>KONFERENCJE 2012<\/strong><\/p>\n<p><strong>Instytut Socjologii Uniwersytetu im. Miko\u0142aja Kopernika w Toruniu i Komitet Socjologii PAN<\/strong><\/p>\n<p>Og\u00f3lnopolska Konferencja Naukowa:<\/p>\n<p><em><strong>W\u0142adza i socjologia w Polsce: zale\u017cno\u015bci i inspiracje<\/strong><\/em><\/p>\n<p><strong>Termin:<\/strong> 23 \u2013 24 kwietnia 2015 r. (czwartek \u2013 pi\u0105tek),<\/p>\n<p><strong>Miejsce obrad:<\/strong> Hotel Copernicus, ul. Bulwar Filadelfijski 11, 87-100 Toru\u0144<\/p>\n<p><strong>Komitet Organizacyjny:<\/strong> Dr hab. Andrzej Zybertowicz prof. UMK (przewodnicz\u0105cy), prof. dr hab. Jacek Raciborski UW, dr Marcjanna N\u00f3\u017cka UJ, mgr Katarzyna Tamborska UMK.<\/p>\n<p>Konferencja po\u015bwi\u0119cona jest formalnym i nieformalnym wymiarom w\u0142adzy oraz szeroko rozumianej roli socjologii i\u00a0socjolog\u00f3w w transformacji ustrojowej: polskim do\u015bwiadczeniom w projektowaniu instytucji \u0142adu demokratycznego i\u00a0instytucjonalnej infrastruktury gospodarki rynkowej; badaniom preferencji wyborczych i ich wykorzystaniu w\u00a0dzia\u0142alno\u015bci partii politycznych; ideologicznym podzia\u0142om i udzia\u0142owi w nich socjolog\u00f3w; ewaluacji polityk publicznych; prezentacji sukces\u00f3w i pora\u017cek socjologii na tym polu, a tak\u017ce stosunku w\u0142adzy do wiedzy socjologicznej (w tym nauczania socjologii i g\u0142oszonych opinii o gorszej pozycji absolwent\u00f3w socjologii na rynku pracy) oraz \u017ar\u00f3de\u0142 zaanga\u017cowania si\u0119 socjolog\u00f3w w obszary w\u0142adzy po 89. roku.<\/p>\n","protected":false},"excerpt":{"rendered":"<p>KONFERENCJE 2022 Zapraszamy do udzia\u0142u w og\u00f3lnopolskiej konferencji naukowej pod patronatem Polskiego Towarzystwa Socjologicznego \u201eSPO\u0141ECZNE DO\u015aWIADCZENIE PANDEMII W PERSPEKTYWIE BADA\u0143 JAKO\u015aCIOWYCH\u201d. Miejsce: Pa\u0142ac Staszica, Nowy \u015awiat 72, Warszawa, Sala pod Kopu\u0142\u0105, III pi\u0119tro (winda), Data: 14.10.2022 r., godz. 9:45-17:15. Konferencja_zaproszenie pazdziernik PROGRAM-KONFERENCJI Komitet Socjologii PAN zaprasza na dyskusj\u0119 panelow\u0105: Czy pokolenia zmieniaj\u0105 polsk\u0105 socjologi\u0119? zaproszenie [&hellip;]<\/p>\n","protected":false},"author":1,"featured_media":0,"parent":12,"menu_order":2,"comment_status":"closed","ping_status":"closed","template":"","meta":{"_links_to":"","_links_to_target":""},"_links":{"self":[{"href":"https:\/\/oldkspan.pan.pl\/index.php?rest_route=\/wp\/v2\/pages\/16"}],"collection":[{"href":"https:\/\/oldkspan.pan.pl\/index.php?rest_route=\/wp\/v2\/pages"}],"about":[{"href":"https:\/\/oldkspan.pan.pl\/index.php?rest_route=\/wp\/v2\/types\/page"}],"author":[{"embeddable":true,"href":"https:\/\/oldkspan.pan.pl\/index.php?rest_route=\/wp\/v2\/users\/1"}],"replies":[{"embeddable":true,"href":"https:\/\/oldkspan.pan.pl\/index.php?rest_route=%2Fwp%2Fv2%2Fcomments&post=16"}],"version-history":[{"count":12,"href":"https:\/\/oldkspan.pan.pl\/index.php?rest_route=\/wp\/v2\/pages\/16\/revisions"}],"predecessor-version":[{"id":648,"href":"https:\/\/oldkspan.pan.pl\/index.php?rest_route=\/wp\/v2\/pages\/16\/revisions\/648"}],"up":[{"embeddable":true,"href":"https:\/\/oldkspan.pan.pl\/index.php?rest_route=\/wp\/v2\/pages\/12"}],"wp:attachment":[{"href":"https:\/\/oldkspan.pan.pl\/index.php?rest_route=%2Fwp%2Fv2%2Fmedia&parent=16"}],"curies":[{"name":"wp","href":"https:\/\/api.w.org\/{rel}","templated":true}]}}