{"id":26,"date":"2016-04-20T15:58:10","date_gmt":"2016-04-20T13:58:10","guid":{"rendered":"http:\/\/kspan.pan.pl\/?page_id=26"},"modified":"2018-01-24T18:53:09","modified_gmt":"2018-01-24T17:53:09","slug":"inicjatywy-opinie-stanowiska","status":"publish","type":"page","link":"https:\/\/oldkspan.pan.pl\/?page_id=26","title":{"rendered":"Inicjatywy, opinie, stanowiska"},"content":{"rendered":"<p><strong>APEL SKIEROWANY DO PANA PREZYDENTA RZECZYPOSPOLITEJ POLSKIEJ<\/strong><\/p>\n<p>&nbsp;<\/p>\n<p><strong><i>Wielce Szanowny Panie Prezydencie,<\/i><\/strong><\/p>\n<p><i>Prezydium Komitetu Socjologii PAN z wielk\u0105 uwag\u0105 i niepokojem patrzy na dokonywane w Polsce zasadnicze zmiany w wymiarze sprawiedliwo\u015bci. Widzimy potrzeb\u0119 zmian instytucjonalnych w tej dziedzinie. Jednocze\u015bnie uwa\u017camy, \u017ce przeprowadzone ju\u017c przez parlament reformy, a w szczeg\u00f3lno\u015bci ustawa o S\u0105dzie Najwy\u017cszym, mog\u0105 zak\u0142\u00f3ci\u0107 Monteskiuszowski tr\u00f3jpodzia\u0142 w\u0142adz i prowadzi\u0107 do politycznego podporz\u0105dkowania s\u0105d\u00f3w zmieniaj\u0105cym si\u0119 wi\u0119kszo\u015bciom parlamentarnym oraz wy\u0142anianym przez nie rz\u0105dom.\u00a0\u00a0\u00a0\u00a0\u00a0\u00a0\u00a0 <\/i><\/p>\n<p><i>Maj\u0105c to na wzgl\u0119dzie, zwracamy si\u0119 do Pana Prezydenta z apelem o niepodpisywanie tych ustaw i zainicjowanie \u00a0powa\u017cniej debaty obywateli, polityk\u00f3w i profesjonalist\u00f3w nad kierunkami reformy polskiego wymiaru sprawiedliwo\u015bci.<\/i><\/p>\n<p><i>Z wyrazami szacunku<\/i><\/p>\n<p><i>Za Prezydium Komitetu Socjologii PAN<\/i><\/p>\n<p><i>Przewodnicz\u0105cy<\/i><\/p>\n<p><i>prof. dr hab. Krzysztof Frysztacki<\/i><\/p>\n<p>&nbsp;<\/p>\n<p>&nbsp;<\/p>\n<p><strong>STANOWISKO KOMITETU SOCJOLOGII POLSKIEJ AKADEMII NAUK<\/strong><\/p>\n<p><strong>w sprawie niekt\u00f3rych habilitacji uzyskiwanych za granic\u0105<\/strong><\/p>\n<p>W ostatnich latach niekt\u00f3rzy polscy badacze z dziedziny nauk spo\u0142ecznych, w tym z pedagogiki i socjologii, uzyskuj\u0105 habilitacje na takich uczelniach zagranicznych, w kt\u00f3rych wymagania habilitacyjne s\u0105 zdecydowanie ni\u017csze ni\u017c w Polsce. Zasi\u0119g tej praktyki nie jest nam dok\u0142adnie znany, ale nie ogranicza si\u0119 ona do kilku przypadk\u00f3w. W szczeg\u00f3lno\u015bci, jak si\u0119 dowiadujemy, \u0142atwe habilitacje otrzymuje si\u0119 na niekt\u00f3rych uczelniach S\u0142owacji. Habilitacje tam uzyskane nie podlegaj\u0105 nostryfikacji i s\u0105 uznawane za r\u00f3wnowa\u017cne z habilitacjami osi\u0105ganymi w Polsce. Co wi\u0119cej, poniewa\u017c w Polsce nie ma stopni naukowych w dyscyplinie praca socjalna, a specjali\u015bci z tego zakresu uzyskuj\u0105 habilitacje z innych dyscyplin spo\u0142ecznych, np. z socjologii, s\u0142owackie habilitacje z tej\u017ce pracy socjalnej mog\u0105 dawa\u0107 w naszym kraju takie same uprawnienia, jak polskie habilitacje z socjologii.<\/p>\n<p>Jak si\u0119 orientujemy, o habilitacj\u0119 na S\u0142owacji ubiegaj\u0105 si\u0119 doktorzy, kt\u00f3rzy oceniaj\u0105, \u017ce ich dorobek nie wystarcza do uzyskania habilitacji w Polsce lub nie chc\u0105 przechodzi\u0107 z\u0142o\u017conej procedury krajowej, a zdarza si\u0119, \u017ce czyni\u0105 to nawet osoby, kt\u00f3rych habilitacja zosta\u0142a w Polsce odrzucona.<\/p>\n<p>Komitet Socjologii PAN jak najbardziej popiera wsp\u00f3\u0142prac\u0119 mi\u0119dzynarodow\u0105, w tym tak\u017ce uzyskiwanie stopni naukowych na cenionych uczelniach zagranicznych, jednak\u017ce praktyki tu opisane uznaje za element dysfunkcjonalny, a nawet patologiczny w systemie nauki.<\/p>\n<p>Po pierwsze, \u0142atwe habilitacje zewn\u0119trzne zmniejszaj\u0105 warto\u015b\u0107 informacyjn\u0105 posiadania stopnia doktora habilitowanego i utrudniaj\u0105 ocen\u0119 kompetencji w dyscyplinie socjologia na podstawie tego stopnia.<\/p>\n<p>Po drugie, poniewa\u017c doktorzy z \u0142atwymi habilitacjami zewn\u0119trznymi u\u0142atwiaj\u0105 swoim jednostkom osi\u0105ganie minim\u00f3w kadrowych wymaganych do otwierania kierunk\u00f3w studi\u00f3w i do nadawania stopni naukowych, przyczyniaj\u0105 si\u0119 do przedwczesnego podejmowania przez te jednostki kszta\u0142cenia i doktoryzowania.<\/p>\n<p>Po trzecie, poniewa\u017c doktorzy z \u0142atwymi habilitacjami zewn\u0119trznymi staj\u0105 si\u0119 promotorami i recenzentami prac doktorskich, recenzentami nast\u0119pnych prac habilitacyjnych oraz uczestnikami innych proces\u00f3w ewaluacyjnych, mo\u017ce to obni\u017ca\u0107 poziom socjologii w ich o\u015brodkach, a tak\u017ce w szerszej skali.<\/p>\n<p>Po czwarte, nie jest w\u0142a\u015bciwe, by do cenionego i wa\u017cnego stopnia doktora habilitowanego prowadzi\u0142y dwie drogi \u2013 wymagaj\u0105ca ci\u0119\u017ckiej pracy droga przez uczelnie krajowe, a obok niej znacznie \u0142atwiejsza droga przez niekt\u00f3re uczelnie zagraniczne.<\/p>\n<p>Warszawa, 7 Listopada 2012 r.<\/p>\n<hr \/>\n<p><em>(Dz. U. 179 poz. 1067).<\/em><\/p>\n<p><em>Stopie\u0144 naukowy nadany przez uznan\u0105 instytucj\u0119 posiadaj\u0105c\u0105 uprawnienie do jego nadawania, dzia\u0142aj\u0105c\u0105 w pa\u0144stwie cz\u0142onkowskim UE, pa\u0144stwie cz\u0142onkowskim OECD lub pa\u0144stwie cz\u0142onkowskim EFTA jest uznawany z r\u00f3wnowa\u017cny z odpowiednim polskim stopniem naukowym lub stopniem w zakresie sztuki na podstawie art. 24 <a href=\"http:\/\/www.nauka.gov.pl\/fileadmin\/user_upload\/szkolnictwo\/Reforma\/20110524_USTAWA.pdf\">ustawy z dnia 14 marca 2003 r. o stopniach naukowych i tytule naukowym oraz o stopniach i tytule w zakresie sztuki<\/a> (Dz. U. Nr 65, poz. 595, z p\u00f3\u017an. zm.). Lista uprawnionych instytucji znajduje si\u0119 <a href=\"http:\/\/www.nauka.gov.pl\/szkolnictwo-wyzsze\/mobilnosc-akademicka-i-zawodowa\/uznawanie-wyksztalcenia\/lista-instytucji-uprawnionych-do-nadawania-stopni-naukowych-w-krajach-ue-efta-i-oecd\/\">tutaj<\/a>.<\/em><\/p>\n","protected":false},"excerpt":{"rendered":"<p>APEL SKIEROWANY DO PANA PREZYDENTA RZECZYPOSPOLITEJ POLSKIEJ &nbsp; Wielce Szanowny Panie Prezydencie, Prezydium Komitetu Socjologii PAN z wielk\u0105 uwag\u0105 i niepokojem patrzy na dokonywane w Polsce zasadnicze zmiany w wymiarze sprawiedliwo\u015bci. Widzimy potrzeb\u0119 zmian instytucjonalnych w tej dziedzinie. Jednocze\u015bnie uwa\u017camy, \u017ce przeprowadzone ju\u017c przez parlament reformy, a w szczeg\u00f3lno\u015bci ustawa o S\u0105dzie Najwy\u017cszym, mog\u0105 zak\u0142\u00f3ci\u0107 [&hellip;]<\/p>\n","protected":false},"author":1,"featured_media":0,"parent":20,"menu_order":3,"comment_status":"closed","ping_status":"closed","template":"","meta":{"_links_to":"","_links_to_target":""},"_links":{"self":[{"href":"https:\/\/oldkspan.pan.pl\/index.php?rest_route=\/wp\/v2\/pages\/26"}],"collection":[{"href":"https:\/\/oldkspan.pan.pl\/index.php?rest_route=\/wp\/v2\/pages"}],"about":[{"href":"https:\/\/oldkspan.pan.pl\/index.php?rest_route=\/wp\/v2\/types\/page"}],"author":[{"embeddable":true,"href":"https:\/\/oldkspan.pan.pl\/index.php?rest_route=\/wp\/v2\/users\/1"}],"replies":[{"embeddable":true,"href":"https:\/\/oldkspan.pan.pl\/index.php?rest_route=%2Fwp%2Fv2%2Fcomments&post=26"}],"version-history":[{"count":3,"href":"https:\/\/oldkspan.pan.pl\/index.php?rest_route=\/wp\/v2\/pages\/26\/revisions"}],"predecessor-version":[{"id":174,"href":"https:\/\/oldkspan.pan.pl\/index.php?rest_route=\/wp\/v2\/pages\/26\/revisions\/174"}],"up":[{"embeddable":true,"href":"https:\/\/oldkspan.pan.pl\/index.php?rest_route=\/wp\/v2\/pages\/20"}],"wp:attachment":[{"href":"https:\/\/oldkspan.pan.pl\/index.php?rest_route=%2Fwp%2Fv2%2Fmedia&parent=26"}],"curies":[{"name":"wp","href":"https:\/\/api.w.org\/{rel}","templated":true}]}}