{"id":32,"date":"2016-04-20T16:00:01","date_gmt":"2016-04-20T14:00:01","guid":{"rendered":"http:\/\/kspan.pan.pl\/?page_id=32"},"modified":"2024-05-09T13:08:33","modified_gmt":"2024-05-09T11:08:33","slug":"kontakt","status":"publish","type":"page","link":"https:\/\/oldkspan.pan.pl\/?page_id=32","title":{"rendered":"Kontakt"},"content":{"rendered":"<p>Komitet Socjologii PAN<br \/>\nWydzia\u0142 I Nauk Humanistycznych i Spo\u0142ecznych, pok. 2119<br \/>\nPlac Defilad 1, Pa\u0142ac Kultury i Nauki, 00-901 Warszawa<\/p>\n<h2>Adres do korespondencji:<\/h2>\n<p>Instytut Socjologii Uniwersytet Gda\u0144ski<\/p>\n<p>ul. Jana Ba\u017cy\u0144skiego 4<\/p>\n<p>80-309 Gda\u0144sk<\/p>\n<p>e-mail: <a class=\"mailto-link\" href=\"mailto:dorota.rancew-sikora@ug.edu.pl\" target=\"_blank\" rel=\"noopener\">dorota.rancew-sikora@ug.edu.pl<\/a>, <a href=\"https:\/\/poczta.wp.pl\/k\/\">m.lemanczyk@isppan.waw.pl<\/a><\/p>\n<p>telefon: 58\u00a0523 45 15, 58\u00a0523 44 44<\/p>\n<h2>Przewodnicz\u0105ca:<\/h2>\n<p>dr hab. Dorota Rancew-Sikora, prof. UG \u2013 Instytut Socjologii Uniwersytet Gda\u0144ski, Gda\u0144sk<br \/>\ntel. 518 938 839, e-mail: <a class=\"mailto-link\" href=\"mailto:dorota.rancew-sikora@ug.edu.pl\" target=\"_blank\" rel=\"noopener\">dorota.rancew-sikora@ug.edu.pl<\/a><\/p>\n<h2>Sekretarz organizacyjny:<\/h2>\n<p>dr Magdalena Lema\u0144czyk \u2013 Instytut Studi\u00f3w Politycznych PAN, Warszawa<\/p>\n<p>e-mail:\u00a0<a href=\"https:\/\/poczta.wp.pl\/k\/\">m.lemanczyk@isppan.waw.pl<\/a><\/p>\n","protected":false},"excerpt":{"rendered":"<p>Komitet Socjologii PAN Wydzia\u0142 I Nauk Humanistycznych i Spo\u0142ecznych, pok. 2119 Plac Defilad 1, Pa\u0142ac Kultury i Nauki, 00-901 Warszawa Adres do korespondencji: Instytut Socjologii Uniwersytet Gda\u0144ski ul. Jana Ba\u017cy\u0144skiego 4 80-309 Gda\u0144sk e-mail: dorota.rancew-sikora@ug.edu.pl, m.lemanczyk@isppan.waw.pl telefon: 58\u00a0523 45 15, 58\u00a0523 44 44 Przewodnicz\u0105ca: dr hab. Dorota Rancew-Sikora, prof. UG \u2013 Instytut Socjologii Uniwersytet Gda\u0144ski, [&hellip;]<\/p>\n","protected":false},"author":1,"featured_media":0,"parent":0,"menu_order":6,"comment_status":"closed","ping_status":"closed","template":"","meta":{"_links_to":"","_links_to_target":""},"_links":{"self":[{"href":"https:\/\/oldkspan.pan.pl\/index.php?rest_route=\/wp\/v2\/pages\/32"}],"collection":[{"href":"https:\/\/oldkspan.pan.pl\/index.php?rest_route=\/wp\/v2\/pages"}],"about":[{"href":"https:\/\/oldkspan.pan.pl\/index.php?rest_route=\/wp\/v2\/types\/page"}],"author":[{"embeddable":true,"href":"https:\/\/oldkspan.pan.pl\/index.php?rest_route=\/wp\/v2\/users\/1"}],"replies":[{"embeddable":true,"href":"https:\/\/oldkspan.pan.pl\/index.php?rest_route=%2Fwp%2Fv2%2Fcomments&post=32"}],"version-history":[{"count":9,"href":"https:\/\/oldkspan.pan.pl\/index.php?rest_route=\/wp\/v2\/pages\/32\/revisions"}],"predecessor-version":[{"id":684,"href":"https:\/\/oldkspan.pan.pl\/index.php?rest_route=\/wp\/v2\/pages\/32\/revisions\/684"}],"wp:attachment":[{"href":"https:\/\/oldkspan.pan.pl\/index.php?rest_route=%2Fwp%2Fv2%2Fmedia&parent=32"}],"curies":[{"name":"wp","href":"https:\/\/api.w.org\/{rel}","templated":true}]}}