{"id":529,"date":"2020-12-16T21:24:08","date_gmt":"2020-12-16T20:24:08","guid":{"rendered":"http:\/\/kspan.pan.pl\/?page_id=529"},"modified":"2024-05-09T14:19:02","modified_gmt":"2024-05-09T12:19:02","slug":"presidium","status":"publish","type":"page","link":"https:\/\/oldkspan.pan.pl\/?page_id=529","title":{"rendered":"Presidium of the Committee"},"content":{"rendered":"\n<p><strong>Chair<\/strong><\/p>\n\n\n\n<p>Prof. Dorota Rancew-Sikora, <em>University of Gda\u0144sk<\/em> <\/p>\n\n\n\n<p><\/p>\n\n\n\n<p><strong>Vice-Chairpersons<\/strong><\/p>\n\n\n\n<p>Prof. Honorata Jakubowska, <em>Adam Mickiewicz University in Pozna\u0144<\/em>&nbsp;<\/p>\n\n\n\n<p>Prof. Dr. Anna \u015aliz, <em>Warsaw University of Life Sciences<\/em> <\/p>\n\n\n\n<p> <\/p>\n\n\n\n<p><strong>Presidium members:<\/strong><\/p>\n\n\n\n<p>Prof. Dr. Gra\u017cyna Kubica-Heller, <em>Jagiellonian University in Krak\u00f3w<\/em><\/p>\n\n\n\n<p>Prof. Dr. Piotr Tadeusz Kwiatkowski, SWPS University<\/p>\n\n\n\n<p>Prof. Ma\u0142gorzata Sikorska, <em>University of Warsaw<\/em><\/p>\n\n\n\n<p><\/p>\n","protected":false},"excerpt":{"rendered":"<p>Chair Prof. Dorota Rancew-Sikora, University of Gda\u0144sk Vice-Chairpersons Prof. Honorata Jakubowska, Adam Mickiewicz University in Pozna\u0144&nbsp; Prof. Dr. Anna \u015aliz, Warsaw University of Life Sciences Presidium members: Prof. Dr. Gra\u017cyna Kubica-Heller, Jagiellonian University in Krak\u00f3w Prof. Dr. Piotr Tadeusz Kwiatkowski, SWPS University Prof. Ma\u0142gorzata Sikorska, University of Warsaw<\/p>\n","protected":false},"author":2,"featured_media":0,"parent":506,"menu_order":1,"comment_status":"closed","ping_status":"closed","template":"","meta":{"_links_to":"","_links_to_target":""},"_links":{"self":[{"href":"https:\/\/oldkspan.pan.pl\/index.php?rest_route=\/wp\/v2\/pages\/529"}],"collection":[{"href":"https:\/\/oldkspan.pan.pl\/index.php?rest_route=\/wp\/v2\/pages"}],"about":[{"href":"https:\/\/oldkspan.pan.pl\/index.php?rest_route=\/wp\/v2\/types\/page"}],"author":[{"embeddable":true,"href":"https:\/\/oldkspan.pan.pl\/index.php?rest_route=\/wp\/v2\/users\/2"}],"replies":[{"embeddable":true,"href":"https:\/\/oldkspan.pan.pl\/index.php?rest_route=%2Fwp%2Fv2%2Fcomments&post=529"}],"version-history":[{"count":7,"href":"https:\/\/oldkspan.pan.pl\/index.php?rest_route=\/wp\/v2\/pages\/529\/revisions"}],"predecessor-version":[{"id":696,"href":"https:\/\/oldkspan.pan.pl\/index.php?rest_route=\/wp\/v2\/pages\/529\/revisions\/696"}],"up":[{"embeddable":true,"href":"https:\/\/oldkspan.pan.pl\/index.php?rest_route=\/wp\/v2\/pages\/506"}],"wp:attachment":[{"href":"https:\/\/oldkspan.pan.pl\/index.php?rest_route=%2Fwp%2Fv2%2Fmedia&parent=529"}],"curies":[{"name":"wp","href":"https:\/\/api.w.org\/{rel}","templated":true}]}}