{"id":533,"date":"2020-12-16T21:26:04","date_gmt":"2020-12-16T20:26:04","guid":{"rendered":"http:\/\/kspan.pan.pl\/?page_id=533"},"modified":"2020-12-16T21:53:05","modified_gmt":"2020-12-16T20:53:05","slug":"contact","status":"publish","type":"page","link":"https:\/\/oldkspan.pan.pl\/?page_id=533","title":{"rendered":"Contact"},"content":{"rendered":"\n<p>Komitet Socjologii PAN<br>Wydzia\u0142 I Nauk Humanistycznych i Spo\u0142ecznych, pok. 2119<br>Plac Defilad 1, Pa\u0142ac Kultury i Nauki, 00-901 Warszawa <\/p>\n\n\n\n<p><strong>Correspondence address<\/strong><\/p>\n\n\n\n<p>Instytut Socjologii Uniwersytet Gda\u0144ski<\/p>\n\n\n\n<p>ul. Jana Ba\u017cy\u0144skiego 4<\/p>\n\n\n\n<p>80-309 Gda\u0144sk<\/p>\n\n\n\n<p>e-mail:&nbsp;<a href=\"https:\/\/poczta.wp.pl\/k\/\">cezaryop01@gmail.com<\/a>,&nbsp;<a href=\"https:\/\/poczta.wp.pl\/k\/\">m.lemanczyk@isppan.waw.pl<\/a><\/p>\n\n\n\n<p>phone: (48) 58 523 45 15, (48) 58 523 44 44<\/p>\n\n\n\n<p><strong>Chairman<\/strong><strong><\/strong><\/p>\n\n\n\n<p>Prof. Dr. Cezary Obracht-Prondzy\u0144ski, <em>University of Gda\u0144sk<\/em> <\/p>\n\n\n\n<p>mobile: (48) 502 415 301, e-mail: <a href=\"https:\/\/poczta.wp.pl\/k\/\">cezaryop01@gmail.com<\/a><\/p>\n\n\n\n<p><strong>Organizational secretary<\/strong><br> Dr. Magdalena Lema\u0144czyk &#8211; <em>Institute of Political Studies of the Polish Academy of Sciences, Warsaw<\/em><\/p>\n\n\n\n<p>e-mail: m.lemanczyk@isppan.waw.pl<\/p>\n\n\n\n<p><\/p>\n","protected":false},"excerpt":{"rendered":"<p>Komitet Socjologii PANWydzia\u0142 I Nauk Humanistycznych i Spo\u0142ecznych, pok. 2119Plac Defilad 1, Pa\u0142ac Kultury i Nauki, 00-901 Warszawa Correspondence address Instytut Socjologii Uniwersytet Gda\u0144ski ul. Jana Ba\u017cy\u0144skiego 4 80-309 Gda\u0144sk e-mail:&nbsp;cezaryop01@gmail.com,&nbsp;m.lemanczyk@isppan.waw.pl phone: (48) 58 523 45 15, (48) 58 523 44 44 Chairman Prof. Dr. Cezary Obracht-Prondzy\u0144ski, University of Gda\u0144sk mobile: (48) 502 415 301, [&hellip;]<\/p>\n","protected":false},"author":2,"featured_media":0,"parent":506,"menu_order":3,"comment_status":"closed","ping_status":"closed","template":"","meta":{"_links_to":"","_links_to_target":""},"_links":{"self":[{"href":"https:\/\/oldkspan.pan.pl\/index.php?rest_route=\/wp\/v2\/pages\/533"}],"collection":[{"href":"https:\/\/oldkspan.pan.pl\/index.php?rest_route=\/wp\/v2\/pages"}],"about":[{"href":"https:\/\/oldkspan.pan.pl\/index.php?rest_route=\/wp\/v2\/types\/page"}],"author":[{"embeddable":true,"href":"https:\/\/oldkspan.pan.pl\/index.php?rest_route=\/wp\/v2\/users\/2"}],"replies":[{"embeddable":true,"href":"https:\/\/oldkspan.pan.pl\/index.php?rest_route=%2Fwp%2Fv2%2Fcomments&post=533"}],"version-history":[{"count":4,"href":"https:\/\/oldkspan.pan.pl\/index.php?rest_route=\/wp\/v2\/pages\/533\/revisions"}],"predecessor-version":[{"id":549,"href":"https:\/\/oldkspan.pan.pl\/index.php?rest_route=\/wp\/v2\/pages\/533\/revisions\/549"}],"up":[{"embeddable":true,"href":"https:\/\/oldkspan.pan.pl\/index.php?rest_route=\/wp\/v2\/pages\/506"}],"wp:attachment":[{"href":"https:\/\/oldkspan.pan.pl\/index.php?rest_route=%2Fwp%2Fv2%2Fmedia&parent=533"}],"curies":[{"name":"wp","href":"https:\/\/api.w.org\/{rel}","templated":true}]}}