{"id":8,"date":"2016-04-20T15:52:49","date_gmt":"2016-04-20T13:52:49","guid":{"rendered":"http:\/\/kspan.pan.pl\/?page_id=8"},"modified":"2024-05-31T11:53:21","modified_gmt":"2024-05-31T09:53:21","slug":"sklad","status":"publish","type":"page","link":"https:\/\/oldkspan.pan.pl\/?page_id=8","title":{"rendered":"Sk\u0142ad"},"content":{"rendered":"<p><strong>Komitet Socjologii PAN w kadencji 2024-2027<\/strong><\/p>\n\n\n<figure class=\"wp-block-table\"><table><tbody><tr><td>1.<\/td><td>Dr hab. Ewa Banaszak, prof. UWr (Instytut Socjologii UWr)<\/td><\/tr><tr><td>2.<\/td><td>Prof. dr hab. Henryk Doma\u0144ski (Instytut Filozofii i Socjologii PAN)<\/td><\/tr><tr><td>3.<\/td><td>Prof. dr hab. Rafa\u0142 Drozdowski (Wydzia\u0142 Socjologii UAM)<\/td><\/tr><tr><td>4.<\/td><td>Prof. dr hab. Krzysztof Frysztacki (profesor emerytowany, Instytut Socjologii UJ)<\/td><\/tr><tr><td>5.<\/td><td>Dr hab. Agnieszka Golczy\u0144ska-Grondas (Instytut Socjologii U\u0141)<\/td><\/tr><tr><td>6.<\/td><td>Dr hab. Dorota Hall, prof. IFiS PAN (Instytut Filozofii i Socjologii PAN)<\/td><\/tr><tr><td>7.<\/td><td>Prof. dr hab. El\u017cbieta Ha\u0142as (Instytut Socjologii UW)<\/td><\/tr><tr><td>8.<\/td><td>Dr hab. Anna Horolets (Instytut Etnologii i Antropologii Kulturowej UW)<\/td><\/tr><tr><td>9.<\/td><td>Dr hab. Honorata Jakubowska, prof. UAM (Wydzia\u0142 Socjologii UAM)<\/td><\/tr><tr><td>10.<\/td><td>Prof. dr hab. Dariusz Jemielniak &#8211; cz\u0142. koresp. PAN (Akademia Leona Ko\u017ami\u0144skiego)<\/td><\/tr><tr><td>11.<\/td><td>Dr hab. Arkadiusz Karwacki, prof. UMK (Instytut Socjologii UMK)<\/td><\/tr><tr><td>12.<\/td><td>Prof. dr hab. Krzysztof Konecki (Instytut Socjologii U\u0141)<\/td><\/tr><tr><td>13.<\/td><td>Prof. dr hab. Monika Kostera (Wydzia\u0142 Socjologii UW)<\/td><\/tr><tr><td>14.<\/td><td>Dr hab. Maciej Kowalewski, prof. US (Instytut Socjologii US)<\/td><\/tr><tr><td>15.<\/td><td>Prof. dr hab. Gra\u017cyna Kubica-Heller (Instytut Socjologii UJ)<\/td><\/tr><tr><td>16.<\/td><td>Dr hab. Pawe\u0142 Kubicki, prof. UJ (Instytut Studi\u00f3w Europejskich UJ)<\/td><\/tr><tr><td>17.<\/td><td>Prof. dr hab. Marek Marian Kucia (Instytut Socjologii UJ)<\/td><\/tr><tr><td>18.<\/td><td>Prof. dr hab. Piotr Tadeusz Kwiatkowski (Uniwersytet SWPS)<\/td><\/tr><tr><td>19. <\/td><td>Prof. dr hab. Miros\u0142awa Marody &#8211; cz\u0142. rzecz. PAN (Wydzia\u0142 Socjologii UW)<\/td><\/tr><tr><td>20.<\/td><td>Dr hab. Adam Mrozowicki, prof. UWr (Instytut Socjologii UWr)<\/td><\/tr><tr><td>21.<\/td><td>Dr hab. Tomasz Nawrocki, prof. U\u015a (Instytut Socjologii U\u015a)<\/td><\/tr><tr><td>22.<\/td><td>Dr hab. Marcjanna N\u00f3\u017cka, prof. UJ (Instytut Socjologii UJ)<\/td><\/tr><tr><td>23.<\/td><td>Prof. dr hab. Cezary Obracht-Prondzy\u0144ski (Instytut Socjologii UG)<\/td><\/tr><tr><td>24.<\/td><td>Prof. dr hab. Dorota Prasza\u0142owicz (Instytut Amerykanistyki i Studi\u00f3w Polonijnych UJ)<\/td><\/tr><tr><td>25.<\/td><td>Dr hab. Dorota Rancew-Sikora, prof. UG (Instytut Socjologii UG)<\/td><\/tr><tr><td>26.<\/td><td>Prof. dr hab. Andrzej Rychard &#8211; cz\u0142. koresp. PAN (Instytut Filozofii i Socjologii PAN)<\/td><\/tr><tr><td>27<\/td><td>Dr hab. Ma\u0142gorzata Sikorska, prof. UW (Wydzia\u0142 Socjologii UW)<\/td><\/tr><tr><td>28.<\/td><td>Prof. dr hab. Tomasz Szlendak (Instytut Socjologii UMK)<\/td><\/tr><tr><td>29.<\/td><td>Prof. dr hab. Anna \u015aliz (Szko\u0142a G\u0142\u00f3wna Gospodarstwa Wiejskiego w Warszawie)<\/td><\/tr><tr><td>30.<\/td><td>Prof. dr hab. Wojciech \u015awi\u0105tkiewicz (Instytut Socjologii U\u015a)<\/td><\/tr><tr><td>31.<\/td><td>Prof. dr hab. Tomasz Zarycki (Instytut Studi\u00f3w Spo\u0142ecznych im. Roberta Zajonca UW)<\/td><\/tr><tr><td>32.<\/td><td>Dr hab. Katarzyna Zieli\u0144ska, prof. UJ (Instytut Socjologii UJ)<\/td><\/tr><tr><td>33.<\/td><td>Dr hab. Maria Jolanta Zieli\u0144ska, prof. UZ (Instytut Socjologii UZ)<\/td><\/tr><\/tbody><\/table><\/figure>\n\n\n\n<p><\/p>\n\n\n\n<p><\/p>\n","protected":false},"excerpt":{"rendered":"<p>Komitet Socjologii PAN w kadencji 2024-2027 1. Dr hab. Ewa Banaszak, prof. UWr (Instytut Socjologii UWr) 2. Prof. dr hab. Henryk Doma\u0144ski (Instytut Filozofii i Socjologii PAN) 3. Prof. dr hab. Rafa\u0142 Drozdowski (Wydzia\u0142 Socjologii UAM) 4. Prof. dr hab. Krzysztof Frysztacki (profesor emerytowany, Instytut Socjologii UJ) 5. Dr hab. Agnieszka Golczy\u0144ska-Grondas (Instytut Socjologii U\u0141) [&hellip;]<\/p>\n","protected":false},"author":1,"featured_media":0,"parent":4,"menu_order":2,"comment_status":"closed","ping_status":"closed","template":"","meta":{"_links_to":"","_links_to_target":""},"_links":{"self":[{"href":"https:\/\/oldkspan.pan.pl\/index.php?rest_route=\/wp\/v2\/pages\/8"}],"collection":[{"href":"https:\/\/oldkspan.pan.pl\/index.php?rest_route=\/wp\/v2\/pages"}],"about":[{"href":"https:\/\/oldkspan.pan.pl\/index.php?rest_route=\/wp\/v2\/types\/page"}],"author":[{"embeddable":true,"href":"https:\/\/oldkspan.pan.pl\/index.php?rest_route=\/wp\/v2\/users\/1"}],"replies":[{"embeddable":true,"href":"https:\/\/oldkspan.pan.pl\/index.php?rest_route=%2Fwp%2Fv2%2Fcomments&post=8"}],"version-history":[{"count":18,"href":"https:\/\/oldkspan.pan.pl\/index.php?rest_route=\/wp\/v2\/pages\/8\/revisions"}],"predecessor-version":[{"id":711,"href":"https:\/\/oldkspan.pan.pl\/index.php?rest_route=\/wp\/v2\/pages\/8\/revisions\/711"}],"up":[{"embeddable":true,"href":"https:\/\/oldkspan.pan.pl\/index.php?rest_route=\/wp\/v2\/pages\/4"}],"wp:attachment":[{"href":"https:\/\/oldkspan.pan.pl\/index.php?rest_route=%2Fwp%2Fv2%2Fmedia&parent=8"}],"curies":[{"name":"wp","href":"https:\/\/api.w.org\/{rel}","templated":true}]}}